ultiple of 557?
False
Is 6806319 a multiple of 39?
True
Is 1589312 a multiple of 64?
True
Is 19592 a multiple of 31?
True
Does 6 divide 2079108?
True
Is 4 a factor of 4404204?
True
Is 5 a factor of 726535?
True
Is 810064 a multiple of 197?
True
Does 10 divide 73208?
False
Is 91496 a multiple of 4?
True
Is 129217 a multiple of 23?
False
Does 54 divide 12456?
False
Does 31 divide 8192246?
True
Is 491094 a multiple of 6?
True
Is 693657 a multiple of 3?
True
Is 785 a factor of 991455?
True
Does 13 divide 2664385?
False
Is 23 a factor of 13805359?
True
Is 283052 a multiple of 154?
True
Is 11 a factor of 77023?
False
Is 1801423 a multiple of 18?
False
Does 22 divide 1381864?
True
Is 31 a factor of 6857349?
False
Is 124221 a multiple of 386?
False
Is 7 a factor of 142149?
True
Is 45 a factor of 7266431?
False
Does 32 divide 21043983?
False
Is 3375904 a multiple of 224?
True
Is 499 a factor of 673025?
False
Does 27 divide 197649?
False
Is 2 a factor of 1644169?
False
Does 9 divide 84701?
False
Is 204 a factor of 13178604?
True
Is 4764246 a multiple of 12?
False
Does 149 divide 855035?
False
Is 23 a factor of 67827?
True
Is 82625 a multiple of 25?
True
Does 68 divide 130676?
False
Is 1784465 a multiple of 444?
False
Is 223 a factor of 6376769?
False
Is 18 a factor of 1418256?
True
Does 58 divide 1856519?
False
Is 924 a factor of 428736?
True
Does 8 divide 1031550?
False
Is 27 a factor of 513502?
False
Is 6423068 a multiple of 47?
False
Is 81796 a multiple of 242?
True
Does 48 divide 221706?
False
Is 39 a factor of 96458?
False
Is 1116 a factor of 3091590?
False
Is 1138217 a multiple of 15?
False
Is 12 a factor of 5946413?
False
Is 174 a factor of 332826?
False
Does 106 divide 3432492?
True
Is 685464 a multiple of 104?
True
Does 5 divide 439487?
False
Is 4 a factor of 250308?
True
Is 7580804 a multiple of 77?
True
Does 24 divide 292176?
True
Does 32 divide 5814455?
False
Is 1749 a multiple of 159?
True
Does 10 divide 434151?
False
Does 11 divide 11742?
False
Is 31 a factor of 1007469?
True
Is 301 a factor of 193076?
False
Is 112 a factor of 88928?
True
Is 13 a factor of 4844996?
True
Is 6 a factor of 8280638?
False
Does 10 divide 125287?
False
Is 28 a factor of 22148?
True
Is 1243555 a multiple of 38?
False
Is 76 a factor of 3412033?
False
Does 27 divide 214839?
True
Is 704180 a multiple of 685?
True
Is 378 a factor of 1380659?
False
Is 353027 a multiple of 164?
False
Is 488050 a multiple of 430?
True
Does 237 divide 16905212?
False
Is 57015 a multiple of 543?
True
Does 9 divide 347013?
True
Is 104 a factor of 8110544?
True
Is 103 a factor of 195843?
False
Is 15 a factor of 1153860?
True
Is 16 a factor of 13045504?
True
Is 1372345 a multiple of 491?
True
Is 3649112 a multiple of 491?
True
Does 41 divide 505325?
True
Is 49 a factor of 174195?
True
Is 118 a factor of 203755?
False
Is 192676 a multiple of 304?
False
Is 11950 a multiple of 18?
False
Is 49 a factor of 1532720?
True
Is 72033 a multiple of 39?
True
Is 110644 a multiple of 10?
False
Is 4567398 a multiple of 33?
True
Is 296393 a multiple of 328?
False
Does 330 divide 4952699?
False
Is 34 a factor of 5175514?
True
Is 264708 a multiple of 71?
False
Is 140 a factor of 4214456?
False
Is 2 a factor of 14385?
False
Is 17630880 a multiple of 184?
True
Is 57 a factor of 122411?
False
Is 14 a factor of 49996?
False
Does 84 divide 45864?
True
Is 186 a factor of 2315983?
False
Does 10 divide 1322360?
True
Does 8 divide 11854?
False
Is 307743 a multiple of 57?
True
Does 126 divide 895230?
True
Is 255 a factor of 181843?
False
Is 54 a factor of 4207302?
True
Is 197570 a multiple of 115?
True
Is 94 a factor of 12502?
True
Is 8446765 a multiple of 752?
False
Is 18 a factor of 46764?
True
Is 122058 a multiple of 54?
False
Does 1089 divide 2408185?
False
Is 571306 a multiple of 26?
False
Does 15 divide 39351?
False
Is 107 a factor of 183713?
False
Is 5690 a multiple of 5?
True
Is 33240 a multiple of 5?
True
Does 22 divide 19444043?
False
Is 241 a factor of 744345?
False
Is 48 a factor of 1892356?
False
Is 6831 a multiple of 33?
True
Does 87 divide 191746?
False
Is 4193804 a multiple of 124?
True
Does 35 divide 21245?
True
Is 21117948 a multiple of 214?
True
Does 242 divide 173406?
False
Is 95714 a multiple of 16?
False
Is 1450360 a multiple of 4?
True
Is 273676 a multiple of 76?
True
Is 79212 a multiple of 41?
True
Is 2278226 a multiple of 59?
True
Is 1039 a factor of 1441938?
False
Is 49 a factor of 240251?
False
Does 8 divide 2787210?
False
Is 80 a factor of 1450739?
False
Does 150 divide 5425800?
True
Is 5 a factor of 14735?
True
Does 714 divide 2742474?
True
Is 2140257 a multiple of 7?
True
Does 14 divide 9632014?
True
Does 153 divide 128214?
True
Is 46 a factor of 355967?
False
Does 43 divide 695912?
True
Is 28 a factor of 186650?
False
Does 91 divide 5646594?
False
Is 202 a factor of 571660?
True
Is 10 a factor of 146350?
True
Is 77 a factor of 2101260?
False
Is 8 a factor of 1602?
False
Is 5089509 a multiple of 16?
False
Is 705210 a multiple of 66?
True
Is 1459488 a multiple of 690?
False
Is 37 a factor of 10337?
False
Does 20 divide 189135?
False
Is 259728 a multiple of 14?
True
Is 57259 a multiple of 25?
False
Is 45357 a multiple of 96?
False
Does 18 divide 1176282?
True
Is 3426657 a multiple of 41?
True
Does 12 divide 401880?
True
Does 19 divide 27227?
True
Is 1393995 a multiple of 199?
True
Does 116 divide 334804?
False
Is 152631 a multiple of 210?
False
Is 7186289 a multiple of 64?
False
Is 12114170 a multiple of 58?
True
Is 93 a factor of 675262?
False
Is 34 a factor of 9486?
True
Is 71046 a multiple of 18?
True
Does 2 divide 149035?
False
Is 24 a factor of 2429160?
True
Is 7 a factor of 1676816?
False
Does 203 divide 6717067?
True
Is 1048509 a multiple of 99?
True
Does 117 divide 79830?
False
Is 365 a factor of 9533800?
True
Is 911192 a multiple of 640?
False
Does 21 divide 60148?
False
Does 3 divide 679489?
False
Does 4 divide 71600?
True
Is 8 a factor of 40288?
True
Does 20 divide 956780?
True
Does 28 divide 346416?
True
Is 286 a factor of 7891930?
False
Is 2672300 a multiple of 20?
True
Does 51 divide 1146967?
False
Is 34320 a multiple of 13?
True
Does 11 divide 1120945?
False
Does 549 divide 3355978?
False
Does 921 divide 1450575?
True
Does 212 divide 1402634?
False
Does 3 divide 28539?
True
Is 38 a factor of 535031?
False
Is 25349 a multiple of 15?
False
Does 14 divide 2375226?
True
Does 4 divide 1647635?
False
Does 85 divide 1630928?
False
Does 207 divide 1554156?
True
Is 1091118 a multiple of 83?
True
Is 1461 a factor of 2784596?
False
Is 362915 a multiple of 74?
False
Is 4139160 a multiple of 120?
True
Is 156169 a multiple of 102?
False
Does 46 divide 1189880?
False
Does 151 divide 84409?
True
Is 140 a factor of 293213?
False
Is 85825 a multiple of 5?
True
Is 905508 a multiple of 237?
False
Does 2 divide 180649?
False
Is 3438071 a multiple of 7?
True
Is 3454960 a multiple of 20?
True
Does 479 divide 2732216?
True
Does 49 divide 120834?
True
Is 168 a factor of 472652?
False
Does 364 divide 2682063?
False
Is 434 a factor of 338654?
False
Is 20 a factor of 521962?
False
Is 576666 a multiple of 543?
True
Does 42 divide 7829?
False
Does 163 divide 296171?
True
Is 10 a factor of 1309652?
False
Is 828108 a multiple of 39?
False
Does 57 divide 1960275?
False
Is 22 a factor of 39864?
True
Is 226640 a multiple of 16?
True
Does 57 divide 19323?
True
Is 54 a factor of 148320?
False
Is 391512 a multiple of 44?
True
Is 252635 a multiple of 190?
False
Is 28 a factor of 1078924?
True
Is 125 a factor of 49789?
False
Is 4902534 a multiple of 438?
True
Does 84 divide 305592?
True
Is 110 a factor of 3873210?
True
Is 1896543 a multiple of 6?
False
Is 72492 a multiple of 28?
True
Is 5 a factor of 159030?
True
Is 629 a factor of 993203?
False
Is 21 a factor of 367458?
True
Does 242 divide 9550772?
True
Does 913 divide 1293721?
True
Is 23 a factor of 595930?
True
Is 384064 a multiple of 64?
True
Does 370 divide 1543564?
False
Does 289 divide 11553642?
True
Is 1067437 a multiple of 160?
False
Is 4341400 a multiple of 4?
True
Is 576 a factor of 8341056?
True
Does 91 divide 171060?
False
Is 1245 a factor of 27631223?
False
Does 148 divide 124468?
True
Is 54 a factor of 167400?
True
Does 8 divide 36752?
True
Does